{"id":7,"date":"2024-11-03T22:55:44","date_gmt":"2024-11-03T22:55:44","guid":{"rendered":"http:\/\/www.lukaszbednarczyk.pl\/?page_id=7"},"modified":"2025-01-01T22:40:45","modified_gmt":"2025-01-01T22:40:45","slug":"lukasz-bednarczyk","status":"publish","type":"page","link":"https:\/\/www.lukaszbednarczyk.pl\/","title":{"rendered":"\u0141ukasz Bednarczyk \u2013 Pediatra Pozna\u0144"},"content":{"rendered":"\n<h2 class=\"wp-block-heading\">Pediatra w Poznaniu \u2013 profesjonalna opieka medyczna dla Twojego dziecka<\/h2>\n\n\n\n<p>Dbanie o zdrowie dziecka to dla rodzic\u00f3w absolutny priorytet. Gdy maluch \u017ale si\u0119 czuje, to naturalne, \u017ce chcesz mu jak najszybciej pom\u00f3c. W wielu przypadkach natychmiastowa reakcja jest niezb\u0119dna, aby powstrzyma\u0107 rozw\u00f3j infekcji i zapewni\u0107 dziecku bezpiecze\u0144stwo.<\/p>\n\n\n\n<ul class=\"wp-block-list\">\n<li><strong>Je\u015bli chcesz szybko uzyska\u0107 kompleksow\u0105 pomoc i wsparcie, zadzwo\u0144 do mnie lub napisz, aby um\u00f3wi\u0107 si\u0119 na domow\u0105 wizyt\u0119 w Twoim miejscu zamieszkania.<\/strong><\/li>\n<\/ul>\n\n\n\n<p>Jestem pediatr\u0105 w trakcie specjalizacji (IV rok), kt\u00f3ry nieustannie poszerza swoj\u0105 wiedz\u0119 i kwalifikacj\u0119, aby skutecznie pomaga\u0107 ma\u0142ym pacjentom w powrocie do zdrowia. Wizyty domowe prowadz\u0119 na terenie miasta Poznania oraz w gminach: Dopiewo, Komorniki, St\u0119szew, Tarnowo Podg\u00f3rne, Mosina, Puszczykowo.<\/p>\n\n\n\n<p>Wizyty s\u0105 realizowane w dni robocze, weekendy i \u015bwi\u0119ta. Wybieraj\u0105c moje us\u0142ugi, zyskasz profesjonalne wsparcie i zapewnisz swojemu dziecku opiek\u0119 medyczn\u0105 na najwy\u017cszym poziomie.<\/p>\n\n\n\n<h2 class=\"wp-block-heading\"><a><\/a>\u0141ukasz Bednarczyk \u2013 pediatra, na kt\u00f3rego zawsze mo\u017cesz liczy\u0107!<\/h2>\n\n\n\n<p>Z\u0142e samopoczucie u dziecka mo\u017ce by\u0107 wywo\u0142ane wieloma r\u00f3\u017cnymi czynnikami. B\u00f3l brzucha, drapanie w gardle, gor\u0105czka czy kaszel niekiedy mijaj\u0105 samoistnie, innym razem mog\u0105 rozwin\u0105\u0107 si\u0119 w bardzo powa\u017cn\u0105 chorob\u0119. Rodzice cz\u0119sto nie maj\u0105 mo\u017cliwo\u015bci, aby um\u00f3wi\u0107 si\u0119 z lekarzem ze swojej poradni jeszcze tego samego dnia.<\/p>\n\n\n\n<ul class=\"wp-block-list\">\n<li><strong>Ka\u017cdy niepokoj\u0105cy objaw warto jak najszybciej skonsultowa\u0107 ze specjalist\u0105. Nie zwlekaj, tylko skontaktuj si\u0119 ze mn\u0105 mailowo lub telefonicznie, aby um\u00f3wi\u0107 termin wizyty.<\/strong><\/li>\n<\/ul>\n\n\n\n<p>Doskonale zdaj\u0119 sobie spraw\u0119 z tego, jak wa\u017cne jest zapewnienie dziecku dost\u0119pu do profesjonalnej opieki medycznej, dlatego staram si\u0119 odpowiada\u0107 na ka\u017cde zg\u0142oszenie najszybciej, jak to jest mo\u017cliwe. Je\u015bli szukasz pediatry w Komornikach, Puszczykowie lub Tarnowie Podg\u00f3rnym, to dobrze trafi\u0142e\u015b. Jestem osob\u0105 terminow\u0105 i dyspozycyjn\u0105, kt\u00f3ra ka\u017cdy przypadek traktuje priorytetowo.<\/p>\n\n\n\n<h2 class=\"wp-block-heading\"><a><\/a>Pediatra Dopiewo \u2013 zadbaj o zdrowie swojej pociechy<\/h2>\n\n\n\n<p>Indywidualna konsultacja z pediatr\u0105 w domowych warunkach to wygodne rozwi\u0105zanie, dzi\u0119ki kt\u00f3remu zaoszcz\u0119dzisz sporo czasu. Wizyty domowe znowu wracaj\u0105 do \u0142ask, poniewa\u017c s\u0105 bezpieczne i komfortowe. Pediatra z Tarnowa Podg\u00f3rnego odwiedza ma\u0142ego pacjenta w jego domu, zachowuj\u0105c przy tym najwy\u017csze standardy higieny, co znacz\u0105co minimalizuje ryzyko kontaktu z niebezpiecznymi bakteriami i wirusami.<\/p>\n\n\n\n<p>W domowych warunkach mali pacjenci czuj\u0105 si\u0119 zdecydowanie pewniej, dzi\u0119ki czemu ch\u0119tniej opowiadaj\u0105 lekarzowi o swoich objawach, a sama wizyta jest dla nich mniej stresuj\u0105ca. Domowa konsultacja z pediatr\u0105 z Poznania to r\u00f3wnie\u017c doskona\u0142a alternatywa dla os\u00f3b, kt\u00f3re mieszkaj\u0105 daleko od najbli\u017cszej przychodni, nie dysponuj\u0105 w\u0142asnym \u015brodkiem transportu, potrzebuj\u0105 uzyska\u0107 skierowanie na specjalistyczne badania lub chc\u0105 przed\u0142u\u017cy\u0107 recept\u0119 dla swojego dziecka. W ka\u017cdym z wymienionych przypadk\u00f3w oferuj\u0119 skuteczn\u0105 i natychmiastow\u0105 pomoc!<\/p>\n\n\n\n<h2 class=\"wp-block-heading\"><a><\/a>Um\u00f3w wizyt\u0119 domow\u0105 u pediatry z Poznania<\/h2>\n\n\n\n<p>Kontakt z pediatr\u0105 w gminie St\u0119szew, Dopiewo czy Komorniki jeszcze nigdy nie by\u0142 tak prosty. Ju\u017c nie musisz si\u0119 obawia\u0107 d\u0142ugich kolejek i odleg\u0142ych termin\u00f3w w swojej przychodni. Um\u00f3w si\u0119 na wizyt\u0119 domow\u0105, podczas kt\u00f3rej dok\u0142adnie zbadam Twoje dziecko, przepisz\u0119 niezb\u0119dne leki i przygotuj\u0119 odpowiednie zalecenia. Dzi\u0119ki fachowej poradzie lekarskiej Twoja pociecha otrzyma niezb\u0119dn\u0105 pomoc na czas, a Ty unikniesz d\u0142ugotrwa\u0142ego i kosztownego leczenia.<\/p>\n\n\n\n<p>Serdecznie zapraszam do kontaktu!<\/p>\n\n\n\n<p><a href=\"https:\/\/www.facebook.com\/lukasz.bednarczyk.wizyty.domowe\">https:\/\/www.facebook.com\/lukasz.bednarczyk.wizyty.domowe<\/a><\/p>\n\n\n\n<p><a href=\"https:\/\/www.znanylekarz.pl\/lukasz-bednarczyk\/pediatra\/poznan\">https:\/\/www.znanylekarz.pl\/lukasz-bednarczyk\/pediatra\/poznan<\/a><\/p>\n\n\n\n<p><\/p>\n","protected":false},"excerpt":{"rendered":"<p>Pediatra w Poznaniu \u2013 profesjonalna opieka medyczna dla Twojego dziecka Dbanie o zdrowie dziecka to dla rodzic\u00f3w absolutny priorytet. Gdy maluch \u017ale si\u0119 czuje, to naturalne, \u017ce chcesz mu jak najszybciej pom\u00f3c. W wielu przypadkach natychmiastowa reakcja jest niezb\u0119dna, aby powstrzyma\u0107 rozw\u00f3j infekcji i zapewni\u0107 dziecku bezpiecze\u0144stwo. Jestem pediatr\u0105 w trakcie specjalizacji (IV rok), kt\u00f3ry [&hellip;]<\/p>\n","protected":false},"author":1,"featured_media":0,"parent":0,"menu_order":0,"comment_status":"closed","ping_status":"closed","template":"","meta":{"footnotes":""},"class_list":["post-7","page","type-page","status-publish","hentry"],"blocksy_meta":[],"yoast_head":"<!-- This site is optimized with the Yoast SEO plugin v24.4 - https:\/\/yoast.com\/wordpress\/plugins\/seo\/ -->\n<title>\u0141ukasz Bednarczyk \u2013 Pediatra Pozna\u0144 - \u0141ukasz Bednarczyk &ndash; Pediatra Pozna\u0144<\/title>\n<meta name=\"robots\" content=\"index, follow, max-snippet:-1, max-image-preview:large, max-video-preview:-1\" \/>\n<link rel=\"canonical\" href=\"https:\/\/www.lukaszbednarczyk.pl\/\" \/>\n<meta property=\"og:locale\" content=\"pl_PL\" \/>\n<meta property=\"og:type\" content=\"article\" \/>\n<meta property=\"og:title\" content=\"\u0141ukasz Bednarczyk \u2013 Pediatra Pozna\u0144 - \u0141ukasz Bednarczyk &ndash; Pediatra Pozna\u0144\" \/>\n<meta property=\"og:description\" content=\"Pediatra w Poznaniu \u2013 profesjonalna opieka medyczna dla Twojego dziecka Dbanie o zdrowie dziecka to dla rodzic\u00f3w absolutny priorytet. Gdy maluch \u017ale si\u0119 czuje, to naturalne, \u017ce chcesz mu jak najszybciej pom\u00f3c. W wielu przypadkach natychmiastowa reakcja jest niezb\u0119dna, aby powstrzyma\u0107 rozw\u00f3j infekcji i zapewni\u0107 dziecku bezpiecze\u0144stwo. Jestem pediatr\u0105 w trakcie specjalizacji (IV rok), kt\u00f3ry [&hellip;]\" \/>\n<meta property=\"og:url\" content=\"https:\/\/www.lukaszbednarczyk.pl\/\" \/>\n<meta property=\"og:site_name\" content=\"\u0141ukasz Bednarczyk &ndash; Pediatra Pozna\u0144\" \/>\n<meta property=\"article:modified_time\" content=\"2025-01-01T22:40:45+00:00\" \/>\n<meta name=\"twitter:card\" content=\"summary_large_image\" \/>\n<meta name=\"twitter:label1\" content=\"Szacowany czas czytania\" \/>\n\t<meta name=\"twitter:data1\" content=\"3 minuty\" \/>\n<script type=\"application\/ld+json\" class=\"yoast-schema-graph\">{\"@context\":\"https:\/\/schema.org\",\"@graph\":[{\"@type\":\"WebPage\",\"@id\":\"https:\/\/www.lukaszbednarczyk.pl\/\",\"url\":\"https:\/\/www.lukaszbednarczyk.pl\/\",\"name\":\"\u0141ukasz Bednarczyk \u2013 Pediatra Pozna\u0144 - \u0141ukasz Bednarczyk &ndash; Pediatra Pozna\u0144\",\"isPartOf\":{\"@id\":\"https:\/\/www.lukaszbednarczyk.pl\/#website\"},\"datePublished\":\"2024-11-03T22:55:44+00:00\",\"dateModified\":\"2025-01-01T22:40:45+00:00\",\"breadcrumb\":{\"@id\":\"https:\/\/www.lukaszbednarczyk.pl\/#breadcrumb\"},\"inLanguage\":\"pl-PL\",\"potentialAction\":[{\"@type\":\"ReadAction\",\"target\":[\"https:\/\/www.lukaszbednarczyk.pl\/\"]}]},{\"@type\":\"BreadcrumbList\",\"@id\":\"https:\/\/www.lukaszbednarczyk.pl\/#breadcrumb\",\"itemListElement\":[{\"@type\":\"ListItem\",\"position\":1,\"name\":\"Strona g\u0142\u00f3wna\",\"item\":\"https:\/\/www.lukaszbednarczyk.pl\/\"},{\"@type\":\"ListItem\",\"position\":2,\"name\":\"\u0141ukasz Bednarczyk \u2013 Pediatra Pozna\u0144\"}]},{\"@type\":\"WebSite\",\"@id\":\"https:\/\/www.lukaszbednarczyk.pl\/#website\",\"url\":\"https:\/\/www.lukaszbednarczyk.pl\/\",\"name\":\"\u0141ukasz Bednarczyk &ndash; Pediatra Pozna\u0144\",\"description\":\"\",\"potentialAction\":[{\"@type\":\"SearchAction\",\"target\":{\"@type\":\"EntryPoint\",\"urlTemplate\":\"https:\/\/www.lukaszbednarczyk.pl\/?s={search_term_string}\"},\"query-input\":{\"@type\":\"PropertyValueSpecification\",\"valueRequired\":true,\"valueName\":\"search_term_string\"}}],\"inLanguage\":\"pl-PL\"}]}<\/script>\n<!-- \/ Yoast SEO plugin. -->","yoast_head_json":{"title":"\u0141ukasz Bednarczyk \u2013 Pediatra Pozna\u0144 - \u0141ukasz Bednarczyk &ndash; Pediatra Pozna\u0144","robots":{"index":"index","follow":"follow","max-snippet":"max-snippet:-1","max-image-preview":"max-image-preview:large","max-video-preview":"max-video-preview:-1"},"canonical":"https:\/\/www.lukaszbednarczyk.pl\/","og_locale":"pl_PL","og_type":"article","og_title":"\u0141ukasz Bednarczyk \u2013 Pediatra Pozna\u0144 - \u0141ukasz Bednarczyk &ndash; Pediatra Pozna\u0144","og_description":"Pediatra w Poznaniu \u2013 profesjonalna opieka medyczna dla Twojego dziecka Dbanie o zdrowie dziecka to dla rodzic\u00f3w absolutny priorytet. Gdy maluch \u017ale si\u0119 czuje, to naturalne, \u017ce chcesz mu jak najszybciej pom\u00f3c. W wielu przypadkach natychmiastowa reakcja jest niezb\u0119dna, aby powstrzyma\u0107 rozw\u00f3j infekcji i zapewni\u0107 dziecku bezpiecze\u0144stwo. Jestem pediatr\u0105 w trakcie specjalizacji (IV rok), kt\u00f3ry [&hellip;]","og_url":"https:\/\/www.lukaszbednarczyk.pl\/","og_site_name":"\u0141ukasz Bednarczyk &ndash; Pediatra Pozna\u0144","article_modified_time":"2025-01-01T22:40:45+00:00","twitter_card":"summary_large_image","twitter_misc":{"Szacowany czas czytania":"3 minuty"},"schema":{"@context":"https:\/\/schema.org","@graph":[{"@type":"WebPage","@id":"https:\/\/www.lukaszbednarczyk.pl\/","url":"https:\/\/www.lukaszbednarczyk.pl\/","name":"\u0141ukasz Bednarczyk \u2013 Pediatra Pozna\u0144 - \u0141ukasz Bednarczyk &ndash; Pediatra Pozna\u0144","isPartOf":{"@id":"https:\/\/www.lukaszbednarczyk.pl\/#website"},"datePublished":"2024-11-03T22:55:44+00:00","dateModified":"2025-01-01T22:40:45+00:00","breadcrumb":{"@id":"https:\/\/www.lukaszbednarczyk.pl\/#breadcrumb"},"inLanguage":"pl-PL","potentialAction":[{"@type":"ReadAction","target":["https:\/\/www.lukaszbednarczyk.pl\/"]}]},{"@type":"BreadcrumbList","@id":"https:\/\/www.lukaszbednarczyk.pl\/#breadcrumb","itemListElement":[{"@type":"ListItem","position":1,"name":"Strona g\u0142\u00f3wna","item":"https:\/\/www.lukaszbednarczyk.pl\/"},{"@type":"ListItem","position":2,"name":"\u0141ukasz Bednarczyk \u2013 Pediatra Pozna\u0144"}]},{"@type":"WebSite","@id":"https:\/\/www.lukaszbednarczyk.pl\/#website","url":"https:\/\/www.lukaszbednarczyk.pl\/","name":"\u0141ukasz Bednarczyk &ndash; Pediatra Pozna\u0144","description":"","potentialAction":[{"@type":"SearchAction","target":{"@type":"EntryPoint","urlTemplate":"https:\/\/www.lukaszbednarczyk.pl\/?s={search_term_string}"},"query-input":{"@type":"PropertyValueSpecification","valueRequired":true,"valueName":"search_term_string"}}],"inLanguage":"pl-PL"}]}},"_links":{"self":[{"href":"https:\/\/www.lukaszbednarczyk.pl\/index.php?rest_route=\/wp\/v2\/pages\/7","targetHints":{"allow":["GET"]}}],"collection":[{"href":"https:\/\/www.lukaszbednarczyk.pl\/index.php?rest_route=\/wp\/v2\/pages"}],"about":[{"href":"https:\/\/www.lukaszbednarczyk.pl\/index.php?rest_route=\/wp\/v2\/types\/page"}],"author":[{"embeddable":true,"href":"https:\/\/www.lukaszbednarczyk.pl\/index.php?rest_route=\/wp\/v2\/users\/1"}],"replies":[{"embeddable":true,"href":"https:\/\/www.lukaszbednarczyk.pl\/index.php?rest_route=%2Fwp%2Fv2%2Fcomments&post=7"}],"version-history":[{"count":4,"href":"https:\/\/www.lukaszbednarczyk.pl\/index.php?rest_route=\/wp\/v2\/pages\/7\/revisions"}],"predecessor-version":[{"id":17,"href":"https:\/\/www.lukaszbednarczyk.pl\/index.php?rest_route=\/wp\/v2\/pages\/7\/revisions\/17"}],"wp:attachment":[{"href":"https:\/\/www.lukaszbednarczyk.pl\/index.php?rest_route=%2Fwp%2Fv2%2Fmedia&parent=7"}],"curies":[{"name":"wp","href":"https:\/\/api.w.org\/{rel}","templated":true}]}}